{"id":13,"date":"2019-03-01T12:02:53","date_gmt":"2019-03-01T12:02:53","guid":{"rendered":"http:\/\/waldfestverein.de\/?page_id=13"},"modified":"2026-03-19T18:27:42","modified_gmt":"2026-03-19T18:27:42","slug":"events","status":"publish","type":"page","link":"https:\/\/waldfestverein.de\/","title":{"rendered":"Events"},"content":{"rendered":"\n<p class=\"has-medium-font-size\"><strong><strong><u>WALDFEST 22.05. &#8211; 31.05.2026<\/u><\/strong><\/strong><\/p>\n\n\n\n<p><u>Freitag, 22.05.<\/u><br>22.00 Uhr SPRING BEATS mit MARCELLI, HOUSEJUNKEE, GREB LEVAH und PARKINZON &amp; SIILLAA <br>&#8211;> 99 Cent auf Mixgetr\u00e4nke &lt;&#8211;<br><br><u>Sonntag, 24.05.<\/u><br>09.30 Uhr Pfingstgottesdienst, anschlie\u00dfend Fr\u00fchschoppen &amp; bunter Familientag mit Krauti und dem Spassmobil<br><br>21.00 Uhr Rocknacht mit ROCKPIRAT<br><br><u>Freitag, 29.05.<\/u><br>20.00 Uhr KABARETT FETTN\u00c4PPCHEN &#8211; &#8222;Alter sch\u00fctzt vor Chaos nicht &#8211; Wer nimmt Opa?&#8220; mit Eva-Maria Fastenau &amp; Michael Seeboth<br>&#8211;> Kartenvorverkauf bei &#8222;Blumenscheune Vetter&#8220;<br><br><u>Samstag, 30.05.<\/u><br>22.00 Uhr NEON VIBES meet Schlager-Hypes mit EL BARTHO<br>Neon Deko, Schwarzlicht, Knicklichter und mehr &#8230;<\/p>\n\n\n\n<p><\/p>\n\n\n\n<div class=\"wp-block-group is-nowrap is-layout-flex wp-container-core-group-is-layout-ad2f72ca wp-block-group-is-layout-flex\">\n<p class=\"has-medium-font-size\"><strong><strong><u>WALDKIMRES 24.07. &#8211; 02.08.2026<\/u><\/strong><\/strong><\/p>\n<\/div>\n\n\n\n<p><u>Freitag, 24.07.<\/u><br> 18.00 Uhr Kirmesgottesdienst in der Kirche<br><br><u>Samstag, 25.07.<\/u><br>09.00 Uhr St\u00e4ndchen mit DETLEF &amp; FREUNDEN<br>20.00 Uhr Kirmesabend mit HUNGER &amp; DURST an der Feuerwehr<br><br><u>Samstag, 01.08.<\/u><br>22.00 Uhr XXL-Mallorca Party mit EL BARTHO<br>Sangria-Eimer, Bierpong, Pools und mehr &#8230;<\/p>\n\n\n\n<p><\/p>\n","protected":false},"excerpt":{"rendered":"<p>WALDFEST 22.05. &#8211; 31.05.2026 Freitag, 22.05.22.00 Uhr SPRING BEATS mit MARCELLI, HOUSEJUNKEE, GREB LEVAH und PARKINZON &amp; SIILLAA &#8211;> 99 Cent auf Mixgetr\u00e4nke &lt;&#8211; Sonntag, 24.05.09.30 Uhr Pfingstgottesdienst, anschlie\u00dfend Fr\u00fchschoppen &amp; bunter Familientag mit Krauti und dem Spassmobil 21.00 Uhr Rocknacht mit ROCKPIRAT Freitag, 29.05.20.00 Uhr KABARETT FETTN\u00c4PPCHEN &#8211; &#8222;Alter sch\u00fctzt vor Chaos nicht &#8211; &hellip; <\/p>\n<p class=\"link-more\"><a href=\"https:\/\/waldfestverein.de\/\" class=\"more-link\"><span class=\"screen-reader-text\">\u201eEvents\u201c<\/span> weiterlesen<\/a><\/p>\n","protected":false},"author":1,"featured_media":0,"parent":0,"menu_order":0,"comment_status":"closed","ping_status":"closed","template":"","meta":{"footnotes":""},"class_list":["post-13","page","type-page","status-publish","hentry"],"_links":{"self":[{"href":"https:\/\/waldfestverein.de\/index.php?rest_route=\/wp\/v2\/pages\/13","targetHints":{"allow":["GET"]}}],"collection":[{"href":"https:\/\/waldfestverein.de\/index.php?rest_route=\/wp\/v2\/pages"}],"about":[{"href":"https:\/\/waldfestverein.de\/index.php?rest_route=\/wp\/v2\/types\/page"}],"author":[{"embeddable":true,"href":"https:\/\/waldfestverein.de\/index.php?rest_route=\/wp\/v2\/users\/1"}],"replies":[{"embeddable":true,"href":"https:\/\/waldfestverein.de\/index.php?rest_route=%2Fwp%2Fv2%2Fcomments&post=13"}],"version-history":[{"count":72,"href":"https:\/\/waldfestverein.de\/index.php?rest_route=\/wp\/v2\/pages\/13\/revisions"}],"predecessor-version":[{"id":4859,"href":"https:\/\/waldfestverein.de\/index.php?rest_route=\/wp\/v2\/pages\/13\/revisions\/4859"}],"wp:attachment":[{"href":"https:\/\/waldfestverein.de\/index.php?rest_route=%2Fwp%2Fv2%2Fmedia&parent=13"}],"curies":[{"name":"wp","href":"https:\/\/api.w.org\/{rel}","templated":true}]}}

<p class="has-medium-font-size"><strong><strong><u>WALDFEST 22.05. &#8211; 31.05.2026</u></strong></strong></p>



<p><u>Freitag, 22.05.</u><br>22.00 Uhr SPRING BEATS mit MARCELLI, HOUSEJUNKEE, GREB LEVAH und PARKINZON &amp; SIILLAA <br>&#8211;> 99 Cent auf Mixgetränke &lt;&#8211;<br><br><u>Sonntag, 24.05.</u><br>09.30 Uhr Pfingstgottesdienst, anschließend Frühschoppen &amp; bunter Familientag mit Krauti und dem Spassmobil<br><br>21.00 Uhr Rocknacht mit ROCKPIRAT<br><br><u>Freitag, 29.05.</u><br>20.00 Uhr KABARETT FETTNÄPPCHEN &#8211; &#8222;Alter schützt vor Chaos nicht &#8211; Wer nimmt Opa?&#8220; mit Eva-Maria Fastenau &amp; Michael Seeboth<br>&#8211;> Kartenvorverkauf bei &#8222;Blumenscheune Vetter&#8220;<br><br><u>Samstag, 30.05.</u><br>22.00 Uhr NEON VIBES meet Schlager-Hypes mit EL BARTHO<br>Neon Deko, Schwarzlicht, Knicklichter und mehr &#8230;</p>



<p></p>



<div class="wp-block-group is-nowrap is-layout-flex wp-container-core-group-is-layout-ad2f72ca wp-block-group-is-layout-flex">
<p class="has-medium-font-size"><strong><strong><u>WALDKIMRES 24.07. &#8211; 02.08.2026</u></strong></strong></p>
</div>



<p><u>Freitag, 24.07.</u><br> 18.00 Uhr Kirmesgottesdienst in der Kirche<br><br><u>Samstag, 25.07.</u><br>09.00 Uhr Ständchen mit DETLEF &amp; FREUNDEN<br>20.00 Uhr Kirmesabend mit HUNGER &amp; DURST an der Feuerwehr<br><br><u>Samstag, 01.08.</u><br>22.00 Uhr XXL-Mallorca Party mit EL BARTHO<br>Sangria-Eimer, Bierpong, Pools und mehr &#8230;</p>



<p></p>

<p>WALDFEST 22.05. &#8211; 31.05.2026 Freitag, 22.05.22.00 Uhr SPRING BEATS mit MARCELLI, HOUSEJUNKEE, GREB LEVAH und PARKINZON &amp; SIILLAA &#8211;> 99 Cent auf Mixgetränke &lt;&#8211; Sonntag, 24.05.09.30 Uhr Pfingstgottesdienst, anschließend Frühschoppen &amp; bunter Familientag mit Krauti und dem Spassmobil 21.00 Uhr Rocknacht mit ROCKPIRAT Freitag, 29.05.20.00 Uhr KABARETT FETTNÄPPCHEN &#8211; &#8222;Alter schützt vor Chaos nicht &#8211; &hellip; </p>
<p class="link-more"><a href="https://waldfestverein.de/" class="more-link"><span class="screen-reader-text">„Events“</span> weiterlesen</a></p>
